 be x(2). Let w(a) = -11*a + 52. Let z be w(-28). What is the highest common factor of r and z?
10
Suppose 4*x - 3530 = -2*n + 2446, 5*x + 2960 = n. What is the highest common factor of n and 2?
2
Suppose -66000 = -104*t - 28*t. What is the highest common factor of t and 26?
2
Let k be (1 - -1) + 2*13. Suppose -4*p - 3608 = -12*p. Let z = -255 + p. Calculate the greatest common factor of k and z.
28
Let y = -3525 - -3749. What is the greatest common divisor of 364 and y?
28
Let x(v) = 48*v**2 + 82*v - 725. Let b be x(14). Calculate the greatest common divisor of b and 174.
87
Let t = 766 + 1718. Calculate the highest common divisor of t and 63.
9
Suppose 61 - 9 = 26*s. What is the highest common divisor of 213 and s?
1
Suppose 5*h + 6*p = 2*p - 7, 3*h - p - 6 = 0. Let y(r) = 206*r**2 + 1. Let u be y(h). Let q = -198 + 221. Calculate the highest common divisor of u and q.
23
Let o(v) = -v**3 - 10*v**2 - 4*v - 39. Let z be o(-12). What is the greatest common divisor of 1584 and z?
99
Let a(t) = 4*t**2 + 7*t - 18. Let k be a(-8). Suppose 0 = 2*f + 4*n - 92, 6*n = n + 10. Let s = k - f. Calculate the greatest common divisor of 56 and s.
28
Suppose 0 = -4*t - 5*r + 2123, -120*t - 2*r - 1552 = -123*t. Calculate the highest common divisor of 99 and t.
9
Let o = 255 + -248. Let b = 40 - 34. Let d be 5/(20/b)*(-364)/(-6). What is the greatest common factor of o and d?
7
Let u = -8634 - -8676. Suppose -3*f = 2*p - 2*f - 417, -2*f - 6 = 0. What is the highest common factor of p and u?
42
Let n = 16602 - 13559. What is the highest common factor of n and 179?
179
Let p(k) = -3*k**2 + 39*k + 20. Let t be p(13). Suppose 4*o = -2*v - v + 208, 5*o - t = 0. Calculate the highest common divisor of v and 1088.
64
Suppose 6780*m = 6777*m + 2*i + 642, -426 = -2*m + 2*i. Let d = 20 - 12. What is the highest common divisor of d and m?
8
Suppose 0*v + v = -4*c - 18, -2*c - 16 = -3*v. Suppose 0 = -2*k + 18 + v. Let l be (-6124)/(-20) + 2 - 2/k. What is the highest common divisor of 28 and l?
28
Suppose 106*g - 146*g - 2690 = -30410. What is the greatest common factor of 4081 and g?
77
Suppose 102 + 2303 = 5*h. What is the highest common divisor of h and 26?
13
Let h = 68 - 66. Suppose 0*o = h*o - 348. Suppose 9*b + 3*s = 4*b + o, -4*s - 87 = -3*b. What is the greatest common divisor of 22 and b?
11
Suppose -462 = q - 4*q. Let n = -6459 + 6515. What is the highest common divisor of q and n?
14
Suppose -4*y - 9*c + 264 = -6*c, -134 = -2*y - 2*c. Calculate the greatest common divisor of y and 2799.
9
Let u be -12 - (-166880)/96 - (-4)/6. Calculate the highest common factor of 11 and u.
11
Let v = 430 - 255. Let y = 382 - v. Calculate the greatest common factor of 9 and y.
9
Suppose 0 = -3*t + 5*t - 60. Let s = -24659 + 24764. What is the greatest common factor of s and t?
15
Let x be 24/(-2) + 12 - -30. What is the highest common factor of 44565 and x?
15
Let j(t) = 22*t**2 + 2*t - 1. Let q be j(1). Suppose -3*z - 3*l + q = -10, 5*l - 15 = 0. What is the highest common divisor of z and 24?
8
Suppose 3*s = 3*c + 362 + 61, s - 126 = -2*c. Let b = -60546 - -60570. What is the greatest common factor of s and b?
8
Let o be (3*(7 - 8))/((-3)/72). Let m be 0 - -5 - (-6)/(o/444). Calculate the greatest common divisor of 6 and m.
6
Let x be (2/(-6))/(-6 + 34120/5688). Suppose 0 = 4*y - 2*z - 73 - x, -2*z - 150 = -2*y. Calculate the greatest common factor of y and 48.
16
Let a(s) = -65 + 168 + 8*s - 83 + 7*s. Let m be a(20). Suppose 12*p = 2*p + m. Calculate the greatest common factor of 4 and p.
4
Let w(t) = -5*t + 59. Let c = -39 + 42. Suppose -c*u + 15 = -0*u. Let h be w(u). Calculate the greatest common factor of h and 102.
34
Suppose -7534 = 39*v + 71. Let k = v + 219. Calculate the greatest common divisor of k and 12.
12
Let o = 107677 - 107629. Let n be (-232)/3*(-17 + -1). Calculate the greatest common factor of o and n.
48
Let f be (-11746)/(-21) + (-8)/(-12) + 0. What is the highest common divisor of 320 and f?
80
Let d be (4 - -32)/(3*2/(-12)). Let b = -60 - d. Suppose -2*f + 4*n = -f - 12, 3*f - n = 36. Calculate the highest common divisor of f and b.
12
Let j be (21/12 - 2)/(29/(-33524)). Suppose -251 = -30*p + j. Suppose 2*q = -2*q + 72. Calculate the greatest common factor of p and q.
18
Let u be 111/(-666) + (-5293)/(-6). What is the highest common factor of 315 and u?
63
Suppose 151*a - 152*a - 5 = 0. Let z = a - -34. What is the highest common factor of z and 87?
29
Let u = -208 - -203. Let o(q) = -5*q + 15. Let y be o(u). Suppose 12 = 5*z - 8. Calculate the highest common divisor of y and z.
4
Let o(l) = 38*l - 5636. Let u be o(149). Suppose c - 480 = -5*z - 0*c, -z + c = -96. Let b = z - 44. Calculate the highest common factor of u and b.
26
Suppose t + 0*d - 4*d = 35, 4*d + 5 = -t. Let v be 337/1 - (t/3)/(-1). What is the greatest common divisor of 76 and v?
38
Let p(n) = 10*n + 10. Let j be p(-3). Let x = -15 - j. Suppose -58 = 3*m - x*m. What is the greatest common divisor of 116 and m?
29
Let c be (2/21 - 0) + (-62248)/(-10542). Calculate the greatest common factor of c and 114.
6
Suppose 17*s = 20*s - 3*i + 1500, -5*i + 15 = 0. Let t = s + 866. Calculate the greatest common divisor of t and 41.
41
Let r be 176/10 + (-38)/(-95). Calculate the greatest common divisor of 162 and r.
18
Let p(b) = -16*b**2 - b + 17. Let w be p(9). Let t be ((-18)/24)/(7/w). Calculate the greatest common factor of 92 and t.
46
Let f(v) = -2 - 13*v + 8*v - 4*v**2 + v**3 - 6*v + 11*v**2. Let w be f(-8). What is the greatest common factor of 55 and w?
11
Let q = -127 + 155. Let w = 33 - q. Suppose 5*i + w*h - 74 = 101, -5*i - h = -179. What is the greatest common divisor of i and 54?
18
Suppose 10*b - 1360 = -24*b. Suppose 0 = -4*n + 140 - 108. What is the highest common divisor of b and n?
8
Let w(x) = 11*x**3 - 9*x**2 + 96*x - 374. Let p be w(4). Calculate the highest common divisor of 30 and p.
30
Suppose 4*v + 5*g + 25 = 5*v, -4*v = 5*g - 150. Let o be -4 - (-314 - (8 + -3)). What is the greatest common factor of v and o?
35
Let i = 12572 - 12564. What is the highest common factor of 12536 and i?
8
Let w = -14 - -30. Let t(m) = 2*m - 7. Let x be t(w). Suppose 0 = u - 0*u - 225. What is the highest common divisor of x and u?
25
Let v = 7443 + -7398. What is the highest common divisor of v and 5715?
45
Let i = 186 - 181. Suppose 3*h + i*y - 116 = 0, -13*h + 2*y = -12*h - 46. Calculate the greatest common divisor of h and 462.
42
Suppose 74*p - 14362 - 9348 = 7592. Calculate the greatest common divisor of p and 799.
47
Suppose 0 = 48*b + 1664 - 11648. What is the greatest common divisor of 52 and b?
52
Suppose -2204 = -5*g + j, 667 - 659 = -2*j. Suppose 0 = 3*v + 2*b - 167, 5*v - 4*b - 258 - 13 = 0. Calculate the highest common factor of g and v.
55
Let g be 3 + -7 + (-66 - -62) - 10370/(-2). Calculate the highest common factor of g and 341.
31
Suppose -206 = -43*w + 697. Calculate the greatest common factor of 7 and w.
7
Let q be 1/(-3) - (-2020)/12. Suppose 94*a - 14490 + 3210 = 0. Calculate the greatest common divisor of q and a.
24
Let t be 45500/(-160) - (-3)/8. Let k = t - -314. Calculate the greatest common divisor of k and 50.
10
Let i = 679 + -499. Suppose 212*o = 217*o - i. Let q(y) = -y**3 - 3*y**2 + 7*y + 3. Let w be q(-5). What is the greatest common divisor of w and o?
18
Let r = 50 - 40. Let h(z) = -r*z - 4 + 1 + 3 + 4. Let q be h(-3). What is the highest common divisor of 85 and q?
17
Let i be ((-28917)/729)/((-1)/3). What is the greatest common factor of 42 and i?
7
Let w = 5801 - 4976. Calculate the highest common divisor of 363 and w.
33
Let w(i) = -i**2 - 461*i - 7102. Let q be w(-16). Calculate the greatest common divisor of q and 90.
18
Let n be 1168 + (2 + 5)*(-7 - -6) + -2. Calculate the highest common divisor of n and 361.
19
Let f(i) = 4*i**3 + 30*i**2 - 129*i + 55. Let s be f(5). What is the highest common divisor of s and 5808?
132
Suppose k - 4*k - 464 = -548. What is the greatest common factor of 14084 and k?
28
Suppose -5*m - 1 = -3*j - 0*m, 2*m = 8. What is the highest common divisor of 1043 and j?
7
Suppose 4 = 2*y - 6*u + 8*u, -26 = -y + 5*u. Suppose -v = -3*v - 3*g + 10, 0 = -v - g + y. What is the highest common factor of 56 and v?
8
Suppose